 the prime factors of y.
53
Suppose -6*j = -11*j + 100. Suppose -4*z + j = -4*k + 8, -2*z = -5*k - 18. What are the prime factors of 90/(3 + (z - 0))?
3, 5
Let v = 78 - 102. Let i(f) = -3*f - 31. What are the prime factors of i(v)?
41
Let k = 240 - 152. List the prime factors of k.
2, 11
Let i = -122 + 122. Suppose -4*l + 3*l - 5*f + 140 = 0, 5*f + 20 = i. List the prime factors of l.
2, 5
Let a(j) = j**2 + j + 27. Let h be 3/((-54)/250) - (-6)/(-54). List the prime factors of a(h).
11, 19
Let b(g) = -2*g**2 + 24*g - 5. What are the prime factors of b(10)?
5, 7
Let t be 8/6*(-33)/2. Let n = t - -43. List the prime factors of n.
3, 7
Suppose -14*n = 15 - 1. Let b(p) = 0*p + 2*p + 1 + 13*p**2 - 4*p**2. List the prime factors of b(n).
2
Let l = -4264 - -6658. List the prime factors of l.
2, 3, 7, 19
Let d(t) = 2*t**3 + 92*t**2 + 3*t + 273. What are the prime factors of d(-46)?
3, 5
Suppose -5*f = -0*f. Let y be 1 - -37 - (-52 - -57). Suppose 0 = -f*q - q + 5*t + y, 3*t - 131 = -2*q. What are the prime factors of q?
2, 29
Suppose -u + 7*u = 7572. What are the prime factors of u?
2, 631
Let z = 43 - -101. What are the prime factors of z?
2, 3
Let r = 263 + 601. List the prime factors of r.
2, 3
Suppose -2*y + 8 = -4. Suppose 0*a + 6 = -f + 3*a, -30 = f + 5*a. What are the prime factors of (-35)/f + y/9?
3
Let a = -40 - -52. Suppose -17*w = -a*w - 715. List the prime factors of w.
11, 13
Suppose -4*h + 3*q = -0*h - 4, -2*q - 8 = -4*h. Let k(z) = 7*z - 16. What are the prime factors of k(h)?
2, 3
Let r(w) = -w**2 + 16*w + 1. Let u be r(16). Let d(p) = 156*p**2 - p + 1. List the prime factors of d(u).
2, 3, 13
Suppose -5*y = -5*t - 6105, -y - 6*t + 4*t = -1227. List the prime factors of y.
1223
Let p be (-2 - -380) + -1*2. Suppose 0 = -5*a - 51 + p. What are the prime factors of a?
5, 13
Let l = -4358 + 6663. List the prime factors of l.
5, 461
Suppose 4*u = -2*l + 146, 6*u - u - 5*l - 205 = 0. Let f = u - -10. List the prime factors of f.
2, 3
Let l be 441/(-27) - 2/3. Let j = -14 - l. Let i = j - 0. List the prime factors of i.
3
What are the prime factors of 1061 + (-3)/((-6)/(-1))*10?
2, 3, 11
Suppose 20 = -5*h + 6*h - 2*q, 0 = 4*q + 20. List the prime factors of h.
2, 5
What are the prime factors of (-1830)/4*(7 - 250/30)?
2, 5, 61
Let p be -2*(18/(-3) - 0). Suppose -p = 4*j - 3*j. What are the prime factors of 3*(0 + (-64)/j)?
2
Let d = 17 - 15. Suppose 0 = -3*o + m - d*m + 90, m = 0. Let g = -11 + o. List the prime factors of g.
19
Let i(k) = -21*k - 43. List the prime factors of i(-38).
5, 151
Suppose -102*f + 143*f - 50061 = 0. What are the prime factors of f?
3, 11, 37
Let y = 62 + -65. What are the prime factors of 12/8*(-3 - 371/y)?
181
Let w be -1 + (-7 + 5 - (-1 - 3)). List the prime factors of 171 - w - (-3 - -2).
3, 19
Suppose 6*k - 71 = -341. What are the prime factors of ((-896)/5)/(-7)*k/(-6)?
2, 3
Let x(g) = -g + 1. Let b be x(-4). Suppose -b*k - 22 = -597. List the prime factors of k.
5, 23
Let t = -39 + 40. Let q(z) = 89*z**3 - z**2. List the prime factors of q(t).
2, 11
Let z = 430 + -188. What are the prime factors of z?
2, 11
Let x = 3019 + -1809. List the prime factors of x.
2, 5, 11
Suppose 11330 = 3*c + 320. List the prime factors of c.
2, 5, 367
Let h(r) be the second derivative of r**4/12 - 5*r**3/6 + 29*r**2 + 2*r - 14. List the prime factors of h(0).
2, 29
List the prime factors of 1684/(-3)*72/(-16).
2, 3, 421
Let q(c) = -32*c**2 - 6*c + 11. Let g(y) = 63*y**2 + 12*y - 23. Let z(d) = -2*g(d) - 5*q(d). List the prime factors of z(2).
139
Let n = 85 + -82. Suppose 2*z - 491 = -n*h, 197 = -4*h - 2*z + 855. List the prime factors of h.
167
Let m = 81 + -74. Let i(k) = 7*k - 9 - 4 - 1. What are the prime factors of i(m)?
5, 7
Let u(d) = d**3 - d**2 - d. Let f be u(3). Suppose f*z - 14*z - 31 = 0. What are the prime factors of z?
31
Let s(z) = 3 + 2*z**2 - 1 - 2*z - 4*z - 3*z. Let b be s(6). Suppose 3*i = 5*i - b. What are the prime factors of i?
2, 5
Let a be (-8)/(-4)*(-22)/(-4). Suppose -3*f = 4 - 31. Suppose -z + a + f = 0. What are the prime factors of z?
2, 5
Suppose 3*c = -w - 7, 1 = c - w + 6. Let d be -2*(-4)/(-24)*c. What are the prime factors of 1*(d - (-3 - 11))?
3, 5
Suppose -13*r + 2*c - 872 = -16*r, -2*r = 3*c - 583. What are the prime factors of r?
2, 5, 29
Let h be ((-24)/18)/(4/6) - 21. Suppose 4*w + 17 = -35. Let f = w - h. List the prime factors of f.
2, 5
Let a = 0 - 0. Suppose -6*z + 7*z - 12 = a. What are the prime factors of -3 + 3 - z/(-3)?
2
Let s(q) = -q**2 - 30*q + 10. Let d be s(-15). Let n = d + -124. What are the prime factors of n?
3, 37
Suppose -o = 4*k - 3577 + 698, 0 = 4*k - o - 2873. What are the prime factors of k?
719
Suppose 2*a + 5*w - 88 = 0, -2*w = -2*a - 0*a + 116. List the prime factors of ((-20)/(-8))/((15/a)/5).
3, 5
Let k be (3 + -4)*-4 - 9. Let i(r) = -r**2 - 4*r + 8. Let c be i(k). What are the prime factors of (-28)/(-21) + 56/c?
2, 5
Suppose 22*r = -17*r + 25857. List the prime factors of r.
3, 13, 17
Let o(y) = 3*y + 3. Let p be o(-3). Let r(a) = -51*a**3 + 2. Let x(q) = -26*q**3 + 1. Let m(v) = p*r(v) + 13*x(v). What are the prime factors of m(-1)?
3, 11
What are the prime factors of 511 + (2 - 3) + -5?
5, 101
Suppose 5*a = 2*a. Suppose 5*y - k - 32 - 107 = a, -3*y = 3*k - 69. List the prime factors of y.
3
What are the prime factors of -13*(-272 + 10 + -1)?
13, 263
Suppose 2*j - 52 = 4. Let f = j + -12. What are the prime factors of f + -3 + 6 + -3?
2
What are the prime factors of (-1791168)/(-672) + (-3)/7?
5, 13, 41
Let n = 347 - 63. List the prime factors of n.
2, 71
Suppose -5*c - 2*a + 7299 = 0, 4*c + 2*a = 1783 + 4057. What are the prime factors of c?
1459
Suppose -s + 2 = 0, 0*f = 4*f + 2*s - 1204. Let z be (-92)/(-22) + 14/(-77). Suppose 0 = -10*d + z*d + f. What are the prime factors of d?
2, 5
Suppose -5*f + 15 = -2*f. Suppose 26*s - 10 = 21*s. Suppose -b - s*l = -4*b + 20, -f = 5*l. List the prime factors of b.
2, 3
Let n = 22 + -16. Suppose 4*r - 14 + n = 0. Suppose 0 = -3*d + r*d + 13. What are the prime factors of d?
13
Suppose s + 4*j - 36 = -3*s, 2*j = -5*s + 33. Suppose 968 - 8 = s*z. List the prime factors of z.
2, 3
Suppose 5*d - 21597 = -3382. List the prime factors of d.
3643
Suppose -4*l = 2*h - 49 + 1, 34 = 5*l - 4*h. Suppose 0 = -o - 4*o + l. List the prime factors of -18 + 16 - (-30)/o.
13
Let l(w) = -w**2 + w - 14*w + 336 - 332. Suppose -5*x + 5*y = y + 85, -60 = 5*x + y. List the prime factors of l(x).
2
Let j be (-4)/8 + 314/(-4). Suppose -2*w - 569 = 4*u - 105, -3*w = -u - 116. Let f = j - u. List the prime factors of f.
37
Let g be 49/(-1)*(16/(-4) + 1). Let x = 219 - g. What are the prime factors of x?
2, 3
Let z(t) = -5*t - 19. Let p be z(-5). Suppose n - 5*f - 56 = 0, 2*f - p*f = -n + 58. List the prime factors of n.
2, 3, 11
Suppose 12*x - 10*x = 0. Suppose x = -3*q - 4*q + 357. What are the prime factors of q?
3, 17
Let p(d) = -166*d**3 + 336*d**3 + 11 - 169*d**3 - 4*d. List the prime factors of p(5).
2, 29
Suppose 281 = -3*x + 1106. What are the prime factors of x?
5, 11
Let a(w) = -w**3 + 20*w - 14. What are the prime factors of a(4)?
2
Let v = 29 - 33. Let m(a) = -16*a - 3. List the prime factors of m(v).
61
Let h(o) be the third derivative of o**6/120 + o**3/3 + 5*o**2. Let f be h(0). Suppose -f*s + 35 = 3*s. What are the prime factors of s?
7
Suppose 2*m - 16 - 16 = 0. Let j = m - 28. Let o = j - -31. List the prime factors of o.
19
Let q(j) = 3*j**2 + 2*j - 2. Let s be (5/(-2))/(3*(-5)/(-60)). What are the prime factors of q(s)?
2, 139
Let b = -750 + 1134. List the prime factors of b.
2, 3
Let m = -11 + 6. Let d(z) = -z**3 - 5*z**2 - 13*z - 12. What are the prime factors of d(m)?
53
Let v(a) = 5*a - 35. Let q be -6*(3/2 - 4). What are the prime factors of v(q)?
2, 5
What are the prime factors of 2/(-3) - (8 + (-32923)/33)?
23, 43
Let x be (-4)/14 + 116/14. Suppose g + g - 2*p - 4 = 0, 4*g - 5*p - x = 0. Suppose -5*i + g*i + 57 = 0. What are the prime factors of i?
19
List the prime factors of -3 + 763/5 + 2/5.
2, 3, 5
Let t(q) = -127*q**3 - q**2 - q - 1. Let c be t(-1). Suppose 5*a - 4*p - 572 = 0, -c = 2*a - 3*a - 5*p. List the prime factors of a.
2, 29
Suppose 0 = -944*a + 951*a - 4319. What are the prime factors of a?
617
L